{"id":341,"date":"2021-10-15T07:34:13","date_gmt":"2021-10-15T07:34:13","guid":{"rendered":"https:\/\/la-via-antiga.com\/five-ways-farm-deutsch\/?page_id=341"},"modified":"2021-10-15T08:59:07","modified_gmt":"2021-10-15T08:59:07","slug":"bedingungen-und-konditionen","status":"publish","type":"page","link":"https:\/\/la-via-antiga.com\/five-ways-farm-deutsch\/bedingungen-und-konditionen\/","title":{"rendered":"Bedingungen und Konditionen"},"content":{"rendered":"<p>Bedingungen und Konditionen (&#8220;Bedingungen&#8221;)<br \/>\nLetzte Aktualisierung: 15 Ottobre 2021<\/p>\n<p>Bitte lesen Sie diese Allgemeinen Gesch\u00e4ftsbedingungen (&#8220;Bedingungen&#8221;, &#8220;AGB&#8221;) sorgf\u00e4ltig durch, bevor Sie die von Zanin Ciro &#8211; Five Ways Farm (&#8220;uns&#8221;, &#8220;wir&#8221; oder &#8220;unser&#8221;) betriebene Website https:\/\/la-via-antiga.com\/five-ways-farm\/ nutzen.<\/p>\n<p>Ihr Zugang zu und Ihre Nutzung des Dienstes setzt voraus, dass Sie die vorliegenden Bedingungen akzeptieren und einhalten. Diese Bedingungen gelten f\u00fcr alle Besucher, Nutzer und andere, die auf den Dienst zugreifen oder ihn nutzen.<\/p>\n<p>Durch den Zugriff auf den Dienst oder dessen Nutzung erkl\u00e4ren Sie sich mit diesen Bedingungen einverstanden. Wenn Sie mit irgendeinem Teil der Bedingungen nicht einverstanden sind, d\u00fcrfen Sie nicht auf den Dienst zugreifen.<\/p>\n<p>Links zu anderen Websites<\/p>\n<p>Unser Service kann Links zu Websites oder Diensten von Dritten enthalten, die nicht im Besitz oder unter der Kontrolle von Zanin Ciro &#8211; Five Ways Farm sind.<\/p>\n<p>Zanin Ciro &#8211; Five Ways Farm hat keine Kontrolle \u00fcber und \u00fcbernimmt keine Verantwortung f\u00fcr den Inhalt, die Datenschutzrichtlinien oder die Praktiken von Websites oder Diensten Dritter. Sie erkennen ferner an und erkl\u00e4ren sich damit einverstanden, dass Zanin Ciro &#8211; Five Ways Farm weder direkt noch indirekt f\u00fcr Sch\u00e4den oder Verluste verantwortlich oder haftbar ist, die durch oder in Verbindung mit der Nutzung von oder dem Vertrauen auf solche Inhalte, Waren oder Dienstleistungen, die auf oder \u00fcber eine solche Website oder einen solchen Dienst verf\u00fcgbar sind, verursacht wurden oder angeblich verursacht wurden.<\/p>\n<p>Terminierung<\/p>\n<p>Wir k\u00f6nnen Ihren Zugang zu unserem Service sofort und ohne Vorank\u00fcndigung oder Haftung aus beliebigen Gr\u00fcnden beenden oder aussetzen, insbesondere, wenn Sie gegen die Bedingungen versto\u00dfen.<\/p>\n<p>Alle Bestimmungen der Bedingungen, die ihrer Natur nach die Beendigung \u00fcberdauern sollten, einschlie\u00dflich, aber nicht beschr\u00e4nkt auf Eigentumsbestimmungen, Gew\u00e4hrleistungsausschl\u00fcsse, Entsch\u00e4digungen und Haftungsbeschr\u00e4nkungen.<\/p>\n<p>\u00c4nderungen<\/p>\n<p>Wir behalten uns das Recht vor, diese Bedingungen jederzeit und nach eigenem Ermessen zu \u00e4ndern oder zu ersetzen. Wenn eine \u00c4nderung wesentlich ist, werden wir uns bem\u00fchen, sie mindestens 30 Tage vor Inkrafttreten der neuen Bedingungen anzuk\u00fcndigen. Was eine wesentliche \u00c4nderung darstellt, wird nach unserem alleinigen Ermessen festgelegt.<\/p>\n<p>Kontakt<\/p>\n<p>Wenn Sie Fragen zu diesen Bedingungen haben, wenden Sie sich bitte an uns.<\/p>\n","protected":false},"excerpt":{"rendered":"<p>Bedingungen und Konditionen (&#8220;Bedingungen&#8221;) Letzte Aktualisierung: 15 Ottobre 2021 Bitte lesen Sie diese Allgemeinen Gesch\u00e4ftsbedingungen (&#8220;Bedingungen&#8221;, &#8220;AGB&#8221;) sorgf\u00e4ltig durch, bevor Sie die von Zanin Ciro &#8211; Five Ways Farm (&#8220;uns&#8221;, &#8220;wir&#8221; oder &#8220;unser&#8221;) betriebene Website https:\/\/la-via-antiga.com\/five-ways-farm\/ nutzen. Ihr Zugang zu und Ihre Nutzung des Dienstes setzt voraus, dass Sie die vorliegenden Bedingungen akzeptieren und einhalten&#8230;.<\/p>\n","protected":false},"author":2,"featured_media":0,"parent":0,"menu_order":0,"comment_status":"closed","ping_status":"closed","template":"","meta":{"_acf_changed":false,"_kadence_starter_templates_imported_post":false,"_kad_post_transparent":"default","_kad_post_title":"default","_kad_post_layout":"default","_kad_post_sidebar_id":"","_kad_post_content_style":"default","_kad_post_vertical_padding":"default","_kad_post_feature":"","_kad_post_feature_position":"","_kad_post_header":false,"_kad_post_footer":false,"_kad_post_classname":"","footnotes":""},"class_list":["post-341","page","type-page","status-publish","hentry"],"acf":[],"yoast_head":"<!-- This site is optimized with the Yoast SEO plugin v27.4 - https:\/\/yoast.com\/product\/yoast-seo-wordpress\/ -->\n<title>Bedingungen und Konditionen - Five Ways Farm Deutsch<\/title>\n<meta name=\"robots\" content=\"index, follow, max-snippet:-1, max-image-preview:large, max-video-preview:-1\" \/>\n<link rel=\"canonical\" href=\"https:\/\/la-via-antiga.com\/five-ways-farm-deutsch\/bedingungen-und-konditionen\/\" \/>\n<meta property=\"og:locale\" content=\"en_US\" \/>\n<meta property=\"og:type\" content=\"article\" \/>\n<meta property=\"og:title\" content=\"Bedingungen und Konditionen - Five Ways Farm Deutsch\" \/>\n<meta property=\"og:description\" content=\"Bedingungen und Konditionen (&#8220;Bedingungen&#8221;) Letzte Aktualisierung: 15 Ottobre 2021 Bitte lesen Sie diese Allgemeinen Gesch\u00e4ftsbedingungen (&#8220;Bedingungen&#8221;, &#8220;AGB&#8221;) sorgf\u00e4ltig durch, bevor Sie die von Zanin Ciro &#8211; Five Ways Farm (&#8220;uns&#8221;, &#8220;wir&#8221; oder &#8220;unser&#8221;) betriebene Website https:\/\/la-via-antiga.com\/five-ways-farm\/ nutzen. Ihr Zugang zu und Ihre Nutzung des Dienstes setzt voraus, dass Sie die vorliegenden Bedingungen akzeptieren und einhalten....\" \/>\n<meta property=\"og:url\" content=\"https:\/\/la-via-antiga.com\/five-ways-farm-deutsch\/bedingungen-und-konditionen\/\" \/>\n<meta property=\"og:site_name\" content=\"Five Ways Farm Deutsch\" \/>\n<meta property=\"article:modified_time\" content=\"2021-10-15T08:59:07+00:00\" \/>\n<meta name=\"twitter:card\" content=\"summary_large_image\" \/>\n<meta name=\"twitter:label1\" content=\"Est. reading time\" \/>\n\t<meta name=\"twitter:data1\" content=\"2 minutes\" \/>\n<script type=\"application\/ld+json\" class=\"yoast-schema-graph\">{\"@context\":\"https:\\\/\\\/schema.org\",\"@graph\":[{\"@type\":\"WebPage\",\"@id\":\"https:\\\/\\\/la-via-antiga.com\\\/five-ways-farm-deutsch\\\/bedingungen-und-konditionen\\\/\",\"url\":\"https:\\\/\\\/la-via-antiga.com\\\/five-ways-farm-deutsch\\\/bedingungen-und-konditionen\\\/\",\"name\":\"Bedingungen und Konditionen - Five Ways Farm Deutsch\",\"isPartOf\":{\"@id\":\"https:\\\/\\\/la-via-antiga.com\\\/five-ways-farm-deutsch\\\/#website\"},\"datePublished\":\"2021-10-15T07:34:13+00:00\",\"dateModified\":\"2021-10-15T08:59:07+00:00\",\"breadcrumb\":{\"@id\":\"https:\\\/\\\/la-via-antiga.com\\\/five-ways-farm-deutsch\\\/bedingungen-und-konditionen\\\/#breadcrumb\"},\"inLanguage\":\"en-US\",\"potentialAction\":[{\"@type\":\"ReadAction\",\"target\":[\"https:\\\/\\\/la-via-antiga.com\\\/five-ways-farm-deutsch\\\/bedingungen-und-konditionen\\\/\"]}]},{\"@type\":\"BreadcrumbList\",\"@id\":\"https:\\\/\\\/la-via-antiga.com\\\/five-ways-farm-deutsch\\\/bedingungen-und-konditionen\\\/#breadcrumb\",\"itemListElement\":[{\"@type\":\"ListItem\",\"position\":1,\"name\":\"Home\",\"item\":\"https:\\\/\\\/la-via-antiga.com\\\/five-ways-farm-deutsch\\\/\"},{\"@type\":\"ListItem\",\"position\":2,\"name\":\"Bedingungen und Konditionen\"}]},{\"@type\":\"WebSite\",\"@id\":\"https:\\\/\\\/la-via-antiga.com\\\/five-ways-farm-deutsch\\\/#website\",\"url\":\"https:\\\/\\\/la-via-antiga.com\\\/five-ways-farm-deutsch\\\/\",\"name\":\"Five Ways Farm Deutsch\",\"description\":\"F\u00fcnf Wege: Natur, Gesundheit, Freundschaft, Wissen, Nachhaltigkeit\",\"publisher\":{\"@id\":\"https:\\\/\\\/la-via-antiga.com\\\/five-ways-farm-deutsch\\\/#organization\"},\"potentialAction\":[{\"@type\":\"SearchAction\",\"target\":{\"@type\":\"EntryPoint\",\"urlTemplate\":\"https:\\\/\\\/la-via-antiga.com\\\/five-ways-farm-deutsch\\\/?s={search_term_string}\"},\"query-input\":{\"@type\":\"PropertyValueSpecification\",\"valueRequired\":true,\"valueName\":\"search_term_string\"}}],\"inLanguage\":\"en-US\"},{\"@type\":\"Organization\",\"@id\":\"https:\\\/\\\/la-via-antiga.com\\\/five-ways-farm-deutsch\\\/#organization\",\"name\":\"Five Ways Farm Deutsch\",\"url\":\"https:\\\/\\\/la-via-antiga.com\\\/five-ways-farm-deutsch\\\/\",\"logo\":{\"@type\":\"ImageObject\",\"inLanguage\":\"en-US\",\"@id\":\"https:\\\/\\\/la-via-antiga.com\\\/five-ways-farm-deutsch\\\/#\\\/schema\\\/logo\\\/image\\\/\",\"url\":\"https:\\\/\\\/la-via-antiga.com\\\/five-ways-farm-deutsch\\\/wp-content\\\/uploads\\\/sites\\\/11\\\/2021\\\/10\\\/FIVE-WAYS-FARM_LOGO_128x128-min.jpg\",\"contentUrl\":\"https:\\\/\\\/la-via-antiga.com\\\/five-ways-farm-deutsch\\\/wp-content\\\/uploads\\\/sites\\\/11\\\/2021\\\/10\\\/FIVE-WAYS-FARM_LOGO_128x128-min.jpg\",\"width\":128,\"height\":128,\"caption\":\"Five Ways Farm Deutsch\"},\"image\":{\"@id\":\"https:\\\/\\\/la-via-antiga.com\\\/five-ways-farm-deutsch\\\/#\\\/schema\\\/logo\\\/image\\\/\"}}]}<\/script>\n<!-- \/ Yoast SEO plugin. -->","yoast_head_json":{"title":"Bedingungen und Konditionen - Five Ways Farm Deutsch","robots":{"index":"index","follow":"follow","max-snippet":"max-snippet:-1","max-image-preview":"max-image-preview:large","max-video-preview":"max-video-preview:-1"},"canonical":"https:\/\/la-via-antiga.com\/five-ways-farm-deutsch\/bedingungen-und-konditionen\/","og_locale":"en_US","og_type":"article","og_title":"Bedingungen und Konditionen - Five Ways Farm Deutsch","og_description":"Bedingungen und Konditionen (&#8220;Bedingungen&#8221;) Letzte Aktualisierung: 15 Ottobre 2021 Bitte lesen Sie diese Allgemeinen Gesch\u00e4ftsbedingungen (&#8220;Bedingungen&#8221;, &#8220;AGB&#8221;) sorgf\u00e4ltig durch, bevor Sie die von Zanin Ciro &#8211; Five Ways Farm (&#8220;uns&#8221;, &#8220;wir&#8221; oder &#8220;unser&#8221;) betriebene Website https:\/\/la-via-antiga.com\/five-ways-farm\/ nutzen. Ihr Zugang zu und Ihre Nutzung des Dienstes setzt voraus, dass Sie die vorliegenden Bedingungen akzeptieren und einhalten....","og_url":"https:\/\/la-via-antiga.com\/five-ways-farm-deutsch\/bedingungen-und-konditionen\/","og_site_name":"Five Ways Farm Deutsch","article_modified_time":"2021-10-15T08:59:07+00:00","twitter_card":"summary_large_image","twitter_misc":{"Est. reading time":"2 minutes"},"schema":{"@context":"https:\/\/schema.org","@graph":[{"@type":"WebPage","@id":"https:\/\/la-via-antiga.com\/five-ways-farm-deutsch\/bedingungen-und-konditionen\/","url":"https:\/\/la-via-antiga.com\/five-ways-farm-deutsch\/bedingungen-und-konditionen\/","name":"Bedingungen und Konditionen - Five Ways Farm Deutsch","isPartOf":{"@id":"https:\/\/la-via-antiga.com\/five-ways-farm-deutsch\/#website"},"datePublished":"2021-10-15T07:34:13+00:00","dateModified":"2021-10-15T08:59:07+00:00","breadcrumb":{"@id":"https:\/\/la-via-antiga.com\/five-ways-farm-deutsch\/bedingungen-und-konditionen\/#breadcrumb"},"inLanguage":"en-US","potentialAction":[{"@type":"ReadAction","target":["https:\/\/la-via-antiga.com\/five-ways-farm-deutsch\/bedingungen-und-konditionen\/"]}]},{"@type":"BreadcrumbList","@id":"https:\/\/la-via-antiga.com\/five-ways-farm-deutsch\/bedingungen-und-konditionen\/#breadcrumb","itemListElement":[{"@type":"ListItem","position":1,"name":"Home","item":"https:\/\/la-via-antiga.com\/five-ways-farm-deutsch\/"},{"@type":"ListItem","position":2,"name":"Bedingungen und Konditionen"}]},{"@type":"WebSite","@id":"https:\/\/la-via-antiga.com\/five-ways-farm-deutsch\/#website","url":"https:\/\/la-via-antiga.com\/five-ways-farm-deutsch\/","name":"Five Ways Farm Deutsch","description":"F\u00fcnf Wege: Natur, Gesundheit, Freundschaft, Wissen, Nachhaltigkeit","publisher":{"@id":"https:\/\/la-via-antiga.com\/five-ways-farm-deutsch\/#organization"},"potentialAction":[{"@type":"SearchAction","target":{"@type":"EntryPoint","urlTemplate":"https:\/\/la-via-antiga.com\/five-ways-farm-deutsch\/?s={search_term_string}"},"query-input":{"@type":"PropertyValueSpecification","valueRequired":true,"valueName":"search_term_string"}}],"inLanguage":"en-US"},{"@type":"Organization","@id":"https:\/\/la-via-antiga.com\/five-ways-farm-deutsch\/#organization","name":"Five Ways Farm Deutsch","url":"https:\/\/la-via-antiga.com\/five-ways-farm-deutsch\/","logo":{"@type":"ImageObject","inLanguage":"en-US","@id":"https:\/\/la-via-antiga.com\/five-ways-farm-deutsch\/#\/schema\/logo\/image\/","url":"https:\/\/la-via-antiga.com\/five-ways-farm-deutsch\/wp-content\/uploads\/sites\/11\/2021\/10\/FIVE-WAYS-FARM_LOGO_128x128-min.jpg","contentUrl":"https:\/\/la-via-antiga.com\/five-ways-farm-deutsch\/wp-content\/uploads\/sites\/11\/2021\/10\/FIVE-WAYS-FARM_LOGO_128x128-min.jpg","width":128,"height":128,"caption":"Five Ways Farm Deutsch"},"image":{"@id":"https:\/\/la-via-antiga.com\/five-ways-farm-deutsch\/#\/schema\/logo\/image\/"}}]}},"_links":{"self":[{"href":"https:\/\/la-via-antiga.com\/five-ways-farm-deutsch\/wp-json\/wp\/v2\/pages\/341","targetHints":{"allow":["GET"]}}],"collection":[{"href":"https:\/\/la-via-antiga.com\/five-ways-farm-deutsch\/wp-json\/wp\/v2\/pages"}],"about":[{"href":"https:\/\/la-via-antiga.com\/five-ways-farm-deutsch\/wp-json\/wp\/v2\/types\/page"}],"author":[{"embeddable":true,"href":"https:\/\/la-via-antiga.com\/five-ways-farm-deutsch\/wp-json\/wp\/v2\/users\/2"}],"replies":[{"embeddable":true,"href":"https:\/\/la-via-antiga.com\/five-ways-farm-deutsch\/wp-json\/wp\/v2\/comments?post=341"}],"version-history":[{"count":3,"href":"https:\/\/la-via-antiga.com\/five-ways-farm-deutsch\/wp-json\/wp\/v2\/pages\/341\/revisions"}],"predecessor-version":[{"id":402,"href":"https:\/\/la-via-antiga.com\/five-ways-farm-deutsch\/wp-json\/wp\/v2\/pages\/341\/revisions\/402"}],"wp:attachment":[{"href":"https:\/\/la-via-antiga.com\/five-ways-farm-deutsch\/wp-json\/wp\/v2\/media?parent=341"}],"curies":[{"name":"wp","href":"https:\/\/api.w.org\/{rel}","templated":true}]}}